t of o(-3)?
1
Let l be (-3)/15 + (-42)/(-10). Suppose -l*h + 4 = 0, 6*b + 4*h - 91 = 3*b. Let i = -14 + b. What is the units digit of i?
5
What is the units digit of 32/12*12/8?
4
Let v = -264 + 369. What is the tens digit of v?
0
Suppose -5*p - 8 = 4*v + 42, 0 = 4*v + 20. Let o be (-28)/42 - (-20)/p. What is the tens digit of ((-60)/o)/1 - 3?
1
Let t(q) = 238*q - 8. Let f be t(4). Suppose f = 2*n + 324. What is the tens digit of (n/(-25))/(2/(-10))?
6
Let w(s) = s**2 - 4*s + 3. Let m be w(-4). Let g = 23 - m. What is the units digit of (-6)/g*(2 - -56)?
9
Suppose -5*x - 2 - 8 = 0. What is the tens digit of x/(-3) - 372/(-9)?
4
Suppose 0 = 3*j - v - 0*v - 1076, 8 = 2*v. What is the units digit of j?
0
Let m(s) = s**3 + 8*s**2 - 12*s - 4. Let x be m(-10). Let h be (-3 - (-1)/(-1)) + 1. What is the tens digit of (-14)/h*(-432)/x?
2
Suppose 11*x = 6*x + 255. What is the units digit of x?
1
Let j be 2 + (0 - 1) + -3. Let s be -4*(j + (-3)/(-2)). Suppose 5*t - 2 = 4*f, s*t - 3*f + 1 + 1 = 0. What is the units digit of t?
2
Let c = -731 + 1226. What is the hundreds digit of c?
4
Let c(m) be the third derivative of -m**5/60 - m**4/2 - 2*m**3/3 - 3*m**2. What is the units digit of c(-8)?
8
Let n be (0 + 2)/(8/(-12)). Let p(g) = 10*g**2 + 5*g + 14. What is the tens digit of p(n)?
8
Suppose 4*a = 4 + 8. Suppose -j - 385 = -2*v, 2*j = -4*v + a*j + 773. What is the tens digit of v?
9
Suppose 0 = -5*w - 20, 120*w = k + 118*w - 818. What is the hundreds digit of k?
8
Suppose 0 = -4*u + 1 - 5, -u + 24 = 5*a. Suppose -26 - 24 = -a*m. What is the tens digit of m?
1
Suppose 0 = -4*a + t + 61, -5*a + 87 = 4*t - 5. Suppose -426 + a = -5*z. What is the tens digit of z?
8
Let u = 126 - 56. Let f = u + 2. What is the tens digit of f?
7
Let y(h) = -8*h + 90. What is the hundreds digit of y(-26)?
2
Suppose 0 = -3*w + 2*k + 3913, -8*w + 10*w - 3*k - 2602 = 0. What is the units digit of w?
7
Let s(c) = 2*c**2 + 32*c + 180. What is the units digit of s(-27)?
4
Suppose 27*g - 25*g - 230 = 0. Suppose -4*m - 207 = -3*v, 4*m + m - g = -2*v. What is the units digit of v?
5
Suppose -2*v - 644 + 2426 = 0. What is the units digit of v?
1
What is the units digit of 2/10 - (6 - 50236/20)?
6
Let q = 1236 + -507. What is the tens digit of q?
2
Let w(c) be the second derivative of 17*c**3/3 - 19*c**2/2 - 8*c. What is the units digit of w(4)?
7
What is the thousands digit of ((-5)/5 - -923)*(-3)/(-2)?
1
Let v be ((-12)/10 - 0)*30. What is the tens digit of (-194)/(-18) + v/(-162)?
1
Suppose -3*u + 37 = 3*f - 11, -5*f + 64 = 4*u. What is the units digit of (u/(-12))/(4*3/(-918))?
2
Suppose -5*p - 5*f + 640 = 0, 0 = -3*p + 2*p + f + 124. Suppose -9*q + p = -2*q. What is the units digit of q?
8
Let o(y) = 6*y - 2. Let u be o(2). Suppose g + 5 = 0, -5*t + 4*g + u = -0. Let n = t + 4. What is the units digit of n?
2
Let d = -9 + 39. Suppose 0 = -d*r + 28*r + 370. What is the tens digit of r?
8
Suppose -6*h - 648 = 1134. Let z = 559 + h. What is the hundreds digit of z?
2
Suppose 11*b - 1950 = -36. What is the hundreds digit of 3/(8/24 + (-55)/b)?
1
Let r be 0*(0 + (-2)/(-4)). Let a(y) = 4*y - 4. Let t be a(2). What is the tens digit of 10 + t + -3 + r?
1
Let o(v) = -2*v**2 + 20*v + 13. Let h be o(10). Suppose -h*j + 72 = -9*j. What is the tens digit of j?
1
Suppose 3*w - 501 = -2*m + 1376, -624 = -w + m. What is the tens digit of w?
2
Let g(q) = -68*q + 89. What is the hundreds digit of g(-6)?
4
Let w(p) = 71*p + 38. Let t be w(3). Let l = 466 - t. What is the hundreds digit of l?
2
Suppose 4*r = 4*d + 22 + 2, d = 2*r - 11. What is the tens digit of (-217)/(-5) + 3/r?
4
Suppose -3*b + h = 13, 1 = 3*b + 5*h - 10. What is the units digit of -1 + (b - 1) + 35?
0
Let s(b) be the second derivative of 19*b**3/6 + 11*b**2/2 + 2*b. Let t(z) = z**3 + z**2 - 7*z + 5. Let p be t(2). What is the tens digit of s(p)?
6
Let t = -278 - -408. What is the hundreds digit of t?
1
Let a be (-4 - (-6 - 1))*(0 - -1). Suppose v + 4*z = -v + 326, a*z - 6 = 0. What is the hundreds digit of v?
1
Suppose 5*x - 906 = c, 0 = 6*x - 3*x + 4*c - 539. What is the tens digit of x?
8
What is the hundreds digit of (-3 - 2760/25)*(4 + -9)?
5
What is the units digit of (-25)/(-15) - 9854/(-6)?
4
Suppose h + 3*h = -t + 4, 2*h = 3*t + 16. Suppose h*o - 134 = -36. What is the units digit of o?
9
Let f(q) = q**2 - 6*q + 2. Let y(c) = 2*c**2 - 8*c + 12. Let r be y(3). What is the units digit of f(r)?
2
Let u(z) = 156*z**3 + 4*z**2 - 64*z + 186. What is the hundreds digit of u(3)?
2
Let c = 53 + -52. Let j(n) = -1 + 1 + n**2 + 32*n**3. What is the tens digit of j(c)?
3
Let j(h) be the second derivative of -h**3 + 15*h**2/2 + 13*h. Let u be j(5). Let n = 55 - u. What is the tens digit of n?
7
Let v be 5/(-60)*3 - 133/(-4). Suppose -v = -a + 80. What is the units digit of a?
3
Suppose 5*t + 823 = x, 4235 = -x + 6*x + 5*t. What is the tens digit of x?
4
Let n(x) = -x**3 + 9*x**2 + 2*x - 8. Let w be n(9). Suppose d + b - 10 = 0, 4*d = -0*d + 4*b + 8. What is the units digit of (w/(-4))/((-3)/d)?
5
Suppose -z + 32 = 5*o, 0 = -3*o - 3*z + 4 + 20. Suppose o*s - 257 = 1. What is the tens digit of s?
4
Suppose 5*n = 3*i - 8388, n = 5*i - 9*i + 11207. What is the units digit of i?
1
Suppose 2*w - 3*y + 349 = 0, -5*w = -y - 0*y + 905. Let d = 269 + w. What is the tens digit of d?
8
What is the tens digit of (14 - 13)*8/(-20)*-35?
1
What is the tens digit of ((-57528)/(-54))/(2/3)?
9
Let o(q) = -q**2 + 3*q - 4. Suppose -4*m + m + 21 = 0. Let r be o(m). Let v = r - -48. What is the units digit of v?
6
Let l be 12*(2 - 0)*4/8. Suppose 0 = l*s - 1045 - 431. What is the hundreds digit of s?
1
Let l be (-18)/8*(-16)/12. Suppose 2*q = l*q - 15. What is the units digit of q?
5
Let k(t) = 4*t**2 - 20*t - 2. Let r(a) = 5*a**2 - 20*a - 2. Let o(x) = -6*k(x) + 5*r(x). What is the units digit of o(-20)?
2
Suppose 3*q = f - 3, 0 = -5*f + 3*q + 14 + 1. Suppose 156 = 2*y - f*a, 2*a = 4*y - 2*a - 316. What is the units digit of y?
1
Let q = -1276 + 2642. What is the tens digit of q?
6
Suppose -3*n + 191 + 241 = 0. Suppose -3*t + n = -t. What is the tens digit of t?
7
Let p = -17 + 132. Let d = 198 - p. What is the tens digit of d?
8
Let q(f) = -250*f - 22. What is the units digit of q(-4)?
8
Suppose -3*r + 70 = 2*r + 5*l, 5*l = 3*r - 2. Let a = 12 - r. Let t = 3 + a. What is the units digit of t?
6
Suppose -5*n + 3*f + 389 = 0, -f = -2*n - 6*f + 168. Let o = 141 + n. What is the hundreds digit of o?
2
Let h be (114/(-15))/((-2)/5). Let b = h + -15. Suppose -4*n - 3*g = -84 + 28, b*n - 80 = 3*g. What is the tens digit of n?
1
Let v(h) = h**2 - 8*h - 5. Let r be v(9). Suppose -y + 11 = 4*c, 3*c + 3*y = r*c - 19. Let i = c - -18. What is the units digit of i?
2
Let q(i) = i**2 + 8*i + 17. What is the units digit of q(17)?
2
Suppose -4*a - 2*a = -78. Let d = 11 + a. What is the tens digit of d?
2
Let a = -5 - -8. Let o = -161 - -160. What is the tens digit of o - 62*a/(-6)?
3
Suppose 16*a - 19*a + 612 = 0. What is the tens digit of 13/(26/a) - 6/(-3)?
0
Suppose -5*y + 25 = 105. Let t be ((-20)/y)/(2/8). Suppose -m + u = -7, -2*m + t = -5*u - 12. What is the units digit of m?
6
Let z = 2329 + -26. What is the units digit of z?
3
Let s = 6759 - 4815. What is the hundreds digit of s?
9
Suppose 3*i = q - 830 - 1603, 0 = -2*q + 2*i + 4882. What is the tens digit of q?
4
Suppose 284*v = 278*v + 720. What is the hundreds digit of v?
1
Suppose 138468 = 38*k - 39182. What is the tens digit of k?
7
Let n = 318 + -113. Suppose -6*r + 5*q = -2*r - 855, -r + 3*q = -n. Suppose -r = -5*x - 4*w, -x = 5*w - 31 - 13. What is the units digit of x?
4
Let u be ((-3)/(-9))/(3/45 + 0). Suppose 0 = -u*s - 4*c + 292, 2*s - c + 3*c = 118. What is the tens digit of s?
5
Suppose -2*c - 10 = 26. Let m(z) = z**3 + 17*z**2 - 21*z - 15. What is the units digit of m(c)?
9
Let o = -1035 - -1463. What is the tens digit of o?
2
Let b be 2*(-3 - -4) - 0. Let k(r) = -r**3 + 7*r**2 - 6*r + 5. Let p be k(6). Suppose l - 3*j - 36 = -0*l, b*l = p*j + 67. What is the units digit of l?
1
Let w be 2 + -86 + 2 + -1. Let l = w - -157. What is the units digit of l?
4
Suppose -3*r + 745 = k, 0 = 5*r - 0*k + k - 1239. Suppose 0 = o + 4, o = 3*x + 6*o - r. What is the units digit of x?
9
Suppose 35 + 56 = 3*n 